pose 4*y - 30 = y. What is the remainder when m(y) is divided by 14?
11
Let a(o) = o**3 - 9*o**2 + 10*o - 11. Let b be a(8). Suppose -3 = -4*v + b. Let p = v - -5. What is the remainder when 20 is divided by p?
6
Let j(c) = c. Let o be j(3). Suppose -o*h - 3*r + 25 = -5*r, r = 4*h - 40. What is the remainder when 19 is divided by h?
8
Suppose -4*k = -7*k + 15. Let t be ((0 + 0)/1)/(-2). Let s = t - -2. Calculate the remainder when k is divided by s.
1
Let i = 24 - 20. Calculate the remainder when 6 is divided by i.
2
Let y = 25 + -5. Calculate the remainder when y is divided by 8.
4
Suppose -3*w - 22 = -142. Calculate the remainder when 199 is divided by w.
39
Suppose -3*z + z + 117 = 5*o, -z + 3*o = -53. What is the remainder when z is divided by 20?
16
Let d(a) = 18*a**2 + 2*a - 1. Let u be d(-3). Let v = -77 + u. Suppose -25 = z - v. What is the remainder when z is divided by 14?
11
Calculate the remainder when 229 is divided by 25 + (-1 - (2 + 1)).
19
Suppose 0 = -2*j - 3*c + 3, 4*j = 2*c - 0*c - 2. Let x(m) = m + 15. Calculate the remainder when x(j) is divided by 6.
3
Suppose 2*s - 15 = -3*s. Suppose -f = 5*k - 4 + 1, -k + s*f - 9 = 0. Let z = k - -1. Calculate the remainder when 2 is divided by z.
0
Suppose -4*u + 24 = -116. Suppose -2*z + 7*z - u = 0. What is the remainder when 19 is divided by z?
5
Let g(r) = -r**3 - 2*r**2 - 2*r + 1. What is the remainder when 1 + 3/(3/7) is divided by g(-2)?
3
Let n = 7 - -4. Calculate the remainder when 52 is divided by n.
8
Calculate the remainder when 3111/18 + 1/6 is divided by 16.
13
What is the remainder when 56 is divided by 38*3/(-12)*-2?
18
Let o be (1 - 4*61)/(-1). Let w = -142 + o. What is the remainder when w is divided by 26?
23
Suppose 0*w - 4*w + 44 = 0. Suppose -5*j = g + 1 - 3, 2*g + 3*j - w = 0. What is the remainder when 11 is divided by g?
4
Suppose 5*u = 410 + 235. What is the remainder when u is divided by 44?
41
Let t be (-6 + 0)*(-2 - 1). Suppose 0*h + t = h. What is the remainder when h is divided by 10?
8
Suppose -n - 3*u + 22 = -6*u, -5*u + 22 = n. Suppose 6*r + 13 = r + x, -2*x = 5*r + 4. Calculate the remainder when 1/r + 85/2 is divided by n.
20
Suppose 63 = b + 2*b. Calculate the remainder when b is divided by 6.
3
Let y(j) = -2*j**2 - j - 2. Let t be y(2). Calculate the remainder when 3 is divided by (6/t)/(2/(-12)).
0
Let j = -8 - -17. What is the remainder when 14 is divided by j?
5
Suppose -3*l = -4*i - 83, -5*i = -5*l + 20 + 110. What is the remainder when l is divided by 11?
10
Suppose 4*c - 19 = 17. Suppose y + y - 6 = 0. Calculate the remainder when c is divided by y.
0
Suppose -4*v = -5*v + 24. Suppose 2*p - v - 24 = 0. Calculate the remainder when 69 is divided by p.
21
Suppose 3*x = -3*w + 87, 4*w = -3*x - 0*x + 116. Let g = 124 - 77. Let u = g - w. Calculate the remainder when 34 is divided by u.
16
Let d(i) = -2*i - 3. Suppose 0 = 2*y, -2 - 14 = 4*o - 2*y. Let g(t) = -4*t + 4. What is the remainder when g(o) is divided by d(-5)?
6
Suppose 2*w = 2 + 78. Calculate the remainder when w is divided by 14.
12
Let l be 0 + -10*(-2)/4. Suppose -i - l*p - 25 = -9, -4 = 2*i + 3*p. Suppose -i*r + 3*m + 109 = 2*m, 25 = r - m. What is the remainder when r is divided by 10?
8
Suppose -7 = -4*m + 1. Suppose 9*z - 4*z = -m*t + 25, 3*t - 24 = -3*z. Let r = 1 + z. What is the remainder when 10 is divided by r?
2
Calculate the remainder when (-45)/(-2) + 3/(-2) is divided by 12.
9
Let m = -5 - -5. Suppose -3*w - k - 1 = m, 5*w + 4 = -5*k - 1. Suppose -5*s + 0*z + 46 = 2*z, w = 4*s - z - 29. What is the remainder when s is divided by 3?
2
Suppose -15*v = 2*v - 255. What is the remainder when 102 is divided by v?
12
Suppose -6*v = -v + 3*c - 69, v = -3*c + 9. What is the remainder when 74 is divided by v?
14
Let f(p) = p**3 + 2*p**2 + 10. What is the remainder when (-22)/(-18) - 2/9 is divided by f(-3)?
0
Let w = -18 - -46. What is the remainder when w is divided by -25*(-1 + 3/5)?
8
Suppose -2*l = -12 - 12. Suppose 0 = -3*w + 9 + 6, 4*w - l = 2*j. What is the remainder when 6 is divided by j?
2
Let n be (-274)/(-18) - (-6)/(-27). Let j be (-2 + n/6)*0. Suppose j = -5*q + 2*t + 30, -5*q - 5 = -3*t + 8*t. What is the remainder when 11 is divided by q?
3
Suppose -2*r + 5*s + 14 = 0, 5 = 3*r + 2*s - 16. Let l = 10 - r. Suppose -65 = -8*o + l*o. Calculate the remainder when o is divided by 8.
5
Suppose -61 = -4*m - 9. Suppose -b - c - 16 = -0*c, 4*b - c + 79 = 0. Let t = 6 - b. Calculate the remainder when t is divided by m.
12
Suppose 2*s - 66 = 2*b, 3*s + 3*b + 9 = 78. Suppose 0*l - l = -s. Suppose 2*i = 5*z + 5, z - 6 + 1 = 0. Calculate the remainder when l is divided by i.
13
Suppose z - 4*y = 17, -19 = -z + 2*y - 8. What is the remainder when z is divided by 2?
1
Let a(y) = y**3 + 9*y**2 - 13*y - 12. Calculate the remainder when 52 is divided by a(-10).
16
Suppose -2*h - 3*g + g + 40 = 0, 0 = -5*g - 10. Suppose h + 26 = 4*c. What is the remainder when c is divided by 5?
2
Suppose -52 = 2*s - 6*s + 5*j, -2*s + 3*j + 28 = 0. What is the remainder when s is divided by 5?
3
Suppose -3*y - 2*y + 7 = 3*c, 2*c = 3*y + 30. Calculate the remainder when c is divided by (-15)/2*(-4)/6.
4
Let b(k) = k + 9. Let h be b(-6). Suppose -h*f = -3*d - 18, -3*d = -7*d + 20. Suppose 3*o + 1 = 19. Calculate the remainder when f is divided by o.
5
Let g(b) = -4*b - 2. Let x(i) = -5*i - 3. Let a(t) = -4*g(t) + 3*x(t). Let o be a(1). Suppose 0 = 5*f - o*f - 35. What is the remainder when 13 is divided by f?
6
Let f = 6 + -1. Suppose 2*h - 12 = 26. What is the remainder when h is divided by f?
4
Suppose 0*d - 12 = 4*d, -3*l + 4*d - 51 = 0. Let t = -11 - l. Calculate the remainder when 19 is divided by t.
9
Let d = 70 - 110. Let p = d + 104. Suppose 0*z = -2*z + p. What is the remainder when z is divided by 17?
15
Let a(n) = -5*n + 3. Let c be a(4). Let u = 25 + c. Suppose -5*t = 3*m - 0*t - 30, -3*m + 4*t + 57 = 0. Calculate the remainder when m is divided by u.
7
Let o = 19 - -13. Calculate the remainder when 95 is divided by o.
31
Let d(x) be the second derivative of x**3 + x**2/2 + x. Calculate the remainder when d(6) is divided by 13.
11
Suppose 9 + 33 = 2*u + 4*m, -3*u + 3*m = -45. Calculate the remainder when 50 is divided by u.
16
Let o(q) = 5*q**2 + 12*q + 5. Let z(h) = -4*h**2 - 11*h - 6. Let j(c) = 5*o(c) + 6*z(c). Calculate the remainder when 63 is divided by j(9).
15
Let o(c) = -c**3 - c - 9. Let t = -8 + 91. Calculate the remainder when t is divided by o(-3).
20
Let h(z) = -z**2 + 9*z - 3. Let j(i) = i**2 - 4*i - 3. Let m be j(5). Suppose -2*y + 14 - m = 0. What is the remainder when h(5) is divided by y?
5
Let s(g) = 3*g**2 - g. Let j be s(2). Suppose v = -0*v + j. Suppose -2*n + 2*q + 36 = 0, 6*n - 2*n = q + 75. Calculate the remainder when n is divided by v.
9
Suppose 4*w - 5*h - 41 = 0, 3*w = h + 3*h + 32. Suppose 24 = w*z - z. What is the remainder when 10 - (-3 - 0) - -1 is divided by z?
6
Suppose 0*j = 4*j - 32. Let x be (-9)/6*j/(-3). Suppose -x*o - o = -35. What is the remainder when o is divided by 3?
1
Let r(z) = -z**2 + 8*z - 11. What is the remainder when r(3) is divided by 3?
1
Suppose -5*n = -0*n + 5. Let x(i) = -4*i - 27. What is the remainder when (n/(-1) - -16)*3 is divided by x(-10)?
12
Let x be 2/3 + 28/3. Let n = x - 5. Suppose 5*l = -5*r + 11 + 64, 0 = l - r - 13. Calculate the remainder when l is divided by n.
4
Calculate the remainder when (-20)/10*45/(-2) is divided by 16.
13
What is the remainder when 26*(-5)/(-10)*3 is divided by 7?
4
Suppose 5*s - 216 + 41 = 0. What is the remainder when s is divided by 18?
17
Let i(f) = 2*f**3 + 24*f**2 - 3*f - 21. What is the remainder when 56 is divided by i(-12)?
11
Let j(f) = -5*f - 10. Let d be (-165)/(-35) + (-4)/(-14). Suppose 3*q + 12 = -4*k - 23, -5 = d*q. Calculate the remainder when j(k) is divided by 16.
14
Suppose 0 = -3*r - q + 190 + 331, -5*r - 5*q = -875. Calculate the remainder when r is divided by 60.
53
Let y be 21/9 - 6/(-9). Suppose y*j - 5*z = 131, 2*j = -z - 4*z + 54. Calculate the remainder when j is divided by 10.
7
Let v(n) = -2*n**2 + 33*n - 17. Calculate the remainder when v(13) is divided by 25.
24
Suppose -u + 195 = 2*r, 302 + 86 = 4*r + 4*u. What is the remainder when r is divided by 25?
23
S